= -6*d. Suppose 3*z + d*z = 0. Let w(a) = 4*a - 3*a + z*a - 2 + a. What is w(5)?
8
Let y(c) be the third derivative of c**6/60 + c**5/30 + c**4/24 - 2*c**2. Let n = 5 - 6. Determine y(n).
-1
Let j(f) = -f - 7. Suppose -2*v - 3 + 9 = 0, -5*g - 4*v - 13 = 0. Give j(g).
-2
Let o(f) be the first derivative of -2/3*f**3 + f**2 + 2*f + 4. Give o(2).
-2
Let f(c) = 13*c**2 + 19*c + 8. Let h(r) = 6*r**2 + 9*r + 4. Let j(d) = -4*f(d) + 9*h(d). Let l be (2/4 - -2)*2. Let t = l - 8. Determine j(t).
7
Let t(c) be the second derivative of 0 + 1/6*c**3 - 3*c**2 - 3*c. Calculate t(0).
-6
Let p = 29 - 23. Let t = -1 - p. Let v(o) = -o**2 - 6*o. Calculate v(t).
-7
Suppose -3*o - 2 = -o. Suppose -9 = -3*m + g, -3*g + 3 = 2*m - 3. Let w(c) = 4*c**3 + c**2 - c + 5*c**m - 3*c**2. Give w(o).
-10
Let o(s) = -s**3 + 3*s**2 - 2*s - 4. Let l(x) = -x**2 + x + 1. Let b(w) = -6*l(w) - o(w). Let n be (3/(-6))/(1/8). Give b(n).
-2
Let i(k) be the first derivative of -2*k**3 + 2*k**2 - 3*k - 4. Let m(v) = 7*v**2 - 4*v + 3. Let p(r) = -6*i(r) - 5*m(r). Calculate p(4).
3
Let u(i) be the third derivative of i**6/120 + i**4/24 + i**3/2 - 13*i**2. Calculate u(0).
3
Suppose -2*f - 5 = -3*j, -f = 2*j - 7*j + 20. Let a = 0 - -1. Let h = a - f. Let m(q) = q + 5. What is m(h)?
1
Let m(x) be the first derivative of 0*x + x**2 - 1 + 0*x**3 - 1/60*x**5 + 1/24*x**4. Let r(z) be the second derivative of m(z). Calculate r(1).
0
Let n(l) = 2*l**2 + 2*l + 1. Let o(s) = -s**2 - s - 1. Suppose -2*v = 3*v + 5. Let w = v + 4. Let m(g) = w*n(g) + 5*o(g). Give m(0).
-2
Let r(c) = c**2 + 5*c - 7. Let a(l) = 2*l**2 + 11*l - 13. Let w(g) = 6*a(g) - 13*r(g). What is w(0)?
13
Suppose 2*l + 4 = b, -6*l + 2*l = b - 4. Suppose -y - 5 = p, l = -3*p + 3 - 18. Let d(t) = -4*t - 2 + y + 3. What is d(1)?
-3
Let y(r) = r - 5. Let w be y(7). Suppose -w*t + 17 = 7. Let b(l) = -10*l**2 - 8*l + 6. Let q(a) = 7*a**2 + 5*a - 4. Let o(i) = t*b(i) + 7*q(i). What is o(-6)?
-4
Let b be (14/35)/((-2)/(-40)). Let a be (34/b)/((-5)/20). Let k be 1/4 - a/(-4). Let y(x) = x**3 + 4*x**2 - x - 2. Calculate y(k).
2
Let p(s) = -12*s - 13. Let l(k) = -4*k - 4. Let x(a) = 8*l(a) - 3*p(a). Determine x(-5).
-13
Let t(d) = -d**2 - 4. Let w = 22 + -22. Determine t(w).
-4
Let v(j) be the first derivative of j**4/4 + j**3/6 - 3*j - 6. Let b(r) be the first derivative of v(r). Determine b(-1).
2
Let l(a) be the first derivative of -a**3/3 - 5*a**2/2 + 7*a + 5. Determine l(-6).
1
Let v(y) be the third derivative of 0*y + 1/12*y**4 + 0 + 7/6*y**3 - 1/60*y**5 - 4*y**2. Calculate v(5).
-8
Suppose -5*r = -2*r + 18. Let q(d) = -d**3 - 6*d**2 + d + 5. Let l be q(r). Let m(z) be the second derivative of -z**3/6 + 5*z. Give m(l).
1
Let n = -29 + 31. Let d(b) = -2*b**2 - 3*b + 1. What is d(n)?
-13
Let u(w) = -2*w**2 + 6*w. Let k(f) = -8*f**2 + 13*f + 6. Let y(j) = -j**2 + j + 1. Let r(b) = k(b) - 6*y(b). Let g(q) = 3*r(q) - 4*u(q). Determine g(3).
9
Let k(f) = 5*f**2 - 6*f**2 - 4*f - 6 + 5. Give k(-4).
-1
Let w(r) = -r - 7. Let p be 6 - (0 + (1 - 0)). Let j = -32 + 32. Suppose -3*c + p*c = j. Give w(c).
-7
Let u be (-3)/1 + (-2 - (-305)/60). Let s(t) be the third derivative of 4*t**2 + 1/120*t**6 + u*t**4 + 0*t + 1/6*t**3 + 0 + 0*t**5. Give s(-1).
-2
Let a(i) = -i**3 - 7*i**2 - 7*i - 7. Let m = -22 - -16. Determine a(m).
-1
Let k be 1/(-4 - (-7)/2). Let q(f) = -f**3 - f**2 + 3*f + 2. Calculate q(k).
0
Let l(d) be the second derivative of -d**7/2520 - d**5/120 + d**4/6 + 4*d. Let r(y) be the third derivative of l(y). Calculate r(3).
-10
Let u(z) = z**2 - 7*z + 7. Suppose 2*a - 5*r = -0*a, -2*a - 28 = 2*r. Let d be (-4)/a - (-23)/5. Give u(d).
-3
Let c(y) = -y - 4. Suppose 0*q = q + 6. Let x = q - -6. Suppose x - 5 = d. Calculate c(d).
1
Let n = -22 + 13. Let t = n - -15. Let x = 9 - t. Let a(s) = s**2 - s. Determine a(x).
6
Let x = -137 - -136. Let h(b) = -3*b**3 + b. Calculate h(x).
2
Let q(o) = -2*o + 4. Let d(k) = 3*k - 5. Let b(r) = -4*d(r) - 5*q(r). Give b(4).
-8
Let y(p) = -18*p - 4. Let v(l) = 17*l + 3. Let t(a) = 3*v(a) + 2*y(a). What is t(1)?
16
Suppose 0*j + 4*j - 12 = 0, 0 = -2*i - 2*j - 6. Let b(h) = 3*h + 4. What is b(i)?
-14
Let s(h) = -7*h**2 + h + 6. Let d(k) = 15*k**2 - 2*k - 13. Let p(w) = 6*d(w) + 13*s(w). Let l be (-48)/(-20) - (-9)/15. Give p(l).
-6
Let n(p) = 1. Let d(o) = 2*o - 5. Let a(x) = -d(x) - 5*n(x). Give a(1).
-2
Let x(t) = t**2 + t - 9. Let r be x(-4). Let w(o) = -2 - o + r - 3. Let z = 3 + -6. What is w(z)?
1
Let r be (-1)/(1/1) + -4. Let z(g) = -7*g + g**2 - 7 + 3*g**2 - 7*g**2 + 2*g**2. What is z(r)?
3
Let n(w) = 0*w + 4 - 4*w - 3. Determine n(1).
-3
Let f(r) = -r - 9 + 3*r + 8. What is f(-1)?
-3
Let k be (1 + 0)/(-1)*1. Let z be ((-7)/7)/(k/(-3)). Let x(o) = o**2 + 4*o + 4. Determine x(z).
1
Let i(k) = -k - 4. Let f be i(-5). Suppose 0 = -m + 2*v + f, -4*m + 5*v - 2 = 0. Let y(s) = -s**2 - 5*s - 3. What is y(m)?
3
Let p(a) = a**3 - 3*a**2 - 5*a + 1. Suppose 0 = t + 4*f - 23, 2*t + f = 30 + 2. Suppose -2*z + 2 = 0, -4*z + t = 3*l - z. Give p(l).
-3
Let p(u) = -10*u**3 - u. Let z(t) = 0*t**3 - t**3 - 12*t - 17*t**2 - 3*t + 15. Let o be z(-16). Calculate p(o).
11
Let r(d) = -d**3 + 7*d**2 - 7*d - 5. Suppose 20 = 10*y - 40. Calculate r(y).
-11
Let g(p) = p**3 - 7*p**2 - p + 3. Suppose -36 = -4*f - 0*d + 4*d, -2*d + 31 = 5*f. Determine g(f).
-4
Let c(j) = -j**3 + j**2 + 5. Suppose 3*q - 4*q = -5. Suppose -2*t + 6 = -2*y, 15 = q*y + 4*t + t. Suppose y = 3*b + 2*b. What is c(b)?
5
Let i(x) be the first derivative of x**2 - 2*x + 2. Let p(u) = -u - 1. Let h be 1 + 0 + -4*1. Let z be p(h). Calculate i(z).
2
Let d(p) = -2*p - 3. Suppose -2*o + 4 = 14. Let g(r) = r + 1. Let q be g(o). Calculate d(q).
5
Let n(q) = 7*q**2 - 2*q - 1. Let s(r) = r**3 - 5*r**2 - 6*r + 4. Let c be s(6). Let m = c + -5. Calculate n(m).
8
Let l(a) = -a**2 - 7*a + 8. Suppose n = 3*z + 17, z + 2*n + 3 + 12 = 0. Give l(z).
8
Let c(o) = o + 5. Let q be 1 - (-2 + -1 + 9). Let g = q - -5. What is c(g)?
5
Let n(i) be the third derivative of i**4/12 - 7*i**3/6 - 12*i**2 - 3*i. What is n(-6)?
-19
Let p(z) be the first derivative of z**3/6 - 11*z**2/2 + z + 1. Let d(j) be the first derivative of p(j). Let q be -5 + (4 - 6) + 7. Determine d(q).
-11
Suppose 1 = 3*n - 2. Let i(k) = -4*k - n - k**2 - k + k. Let c be 2 + -6 + (-2)/(-2). What is i(c)?
2
Suppose -4*r = -2*k - 8, -4*r - r - 5*k = -10. Let q(a) = 4 - 2 + 2 + 0 - r*a**2. What is q(-3)?
-14
Let y be 6/10 + (-8)/5. Suppose -p + 2 = -1. Let x(v) = -v**2 - v - 1 + 5*v**p + v**2. Calculate x(y).
-5
Let x(a) = a**2 + 20*a - 21. Let n be x(-21). Let i(d) = d**2 + 8. Give i(n).
8
Suppose -5*o - 37 = -4*n, -4 = o + n - 2. Let c(y) = -y**2 - 5*y - 7. Calculate c(o).
-7
Suppose -3*m + 2*m + 30 = 0. Let o be ((-6)/(-5))/((-9)/m). Let x(c) = -c**2 - 4*c + 1. Determine x(o).
1
Let p(f) = f**2 - f - 1. Let c(j) = 4*j**2 - 5*j - 10. Let l(o) = c(o) - 3*p(o). Calculate l(5).
8
Let a(n) = -n**2 + 3*n + 4. Suppose 3 = 4*x + 19. Let s = 7 + x. Give a(s).
4
Let l(m) = -m**2 - 4*m. Let c be -2*(8/(-4) + 3). Let r = -7 - c. Calculate l(r).
-5
Let l(b) = -2 + b**2 + 8*b + 5 + 2 - 9. Give l(-6).
-16
Let m(d) = -3*d**3 + 2*d**3 + d**2 + 36*d - 36*d. Let k(w) = 3*w**3 - 9*w**2 + 5*w + 3. Let z(n) = -k(n) - 2*m(n). What is z(6)?
3
Let w(c) = -c + 2. Let p(a) = -3*a + 6. Let d be 0/2 - (-2 - 2). Let x be p(d). Let t = -6 - x. Give w(t).
2
Let q(w) be the second derivative of -7/12*w**4 - 1/20*w**5 + 8*w + 0 + 5/2*w**2 + 4/3*w**3. Determine q(-8).
5
Let q(i) = 7*i**3 + 2*i**2 - 1. Let s be ((-2)/(-4))/(1/(-6)). Let k be (-14)/(-4) + s/6. Suppose 0 = w - 2 + k. Calculate q(w).
-6
Let g(r) = -3*r**2 + 2*r + 2. Let l = -17 + 19. Determine g(l).
-6
Let m(d) = -5*d. Let b be m(-5). Let h(l) = b*l + 22*l - 44*l - 3. Give h(2).
3
Let w(r) = -7*r**3 + 3*r**2 - 9*r - 8. Let z(q) = -q**3 + q**2 - q - 1. Let s(h) = -w(h) + 6*z(h). Determine s(-3).
-7
Let g be -1 - ((5 - 3) + -5). Let p = g + -7. Let h(l) = 2*l + 6. Give h(p).
-4
Let u = -11 - -7. Let h(g) = -15*g - 14. Let b(o) = 3*o + 3. Let x(q) = 11*b(q) + 2*h(q). Determine x(u).
-7
Let x(w) = w**3 - w. Let f(j) = -2*j**3 - 3*j**2 - j + 3. Let o(b) = -f(b) - 3*x(b). Determine o(3).
9
Let f(g) = g**2 + 2*g - 1. Let l be f(2). Let y(w) = -1 + 3 + l*w - 3. Let t be (0 - 3/(-6))*2. Determin